509, 1033
List the prime factors of 534686.
2, 83, 3221
List the prime factors of 642551.
7, 13, 23, 307
What are the prime factors of 8758536?
2, 3, 17, 21467
List the prime factors of 289341.
3, 13, 2473
What are the prime factors of 1879692?
2, 3, 156641
List the prime factors of 610011.
3, 17, 443
What are the prime factors of 286136?
2, 47, 761
What are the prime factors of 2461067?
7, 59, 101
List the prime factors of 11441460.
2, 3, 5, 41, 4651
What are the prime factors of 101030?
2, 5, 10103
List the prime factors of 6640128.
2, 3, 11, 131
What are the prime factors of 4465849?
17, 262697
What are the prime factors of 64501?
53, 1217
List the prime factors of 18579183.
3, 7, 211, 599
What are the prime factors of 12212749?
17, 61, 11777
What are the prime factors of 150747?
3, 109, 461
What are the prime factors of 7147190?
2, 5, 714719
List the prime factors of 1557616.
2, 67, 1453
What are the prime factors of 7774161?
3, 23, 307, 367
List the prime factors of 736221.
3, 245407
What are the prime factors of 208643?
37, 5639
List the prime factors of 10378268.
2, 2594567
What are the prime factors of 315224?
2, 7, 13, 433
List the prime factors of 2546341.
7, 139, 2617
What are the prime factors of 717948?
2, 3, 7, 11, 37
What are the prime factors of 6602770?
2, 5, 660277
What are the prime factors of 3711070?
2, 5, 11, 3067
List the prime factors of 16756.
2, 59, 71
What are the prime factors of 222754?
2, 7, 2273
What are the prime factors of 4793392?
2, 41, 7307
What are the prime factors of 1021426?
2, 7, 72959
What are the prime factors of 147672?
2, 3, 7, 293
What are the prime factors of 4364623?
19, 229717
List the prime factors of 4970848.
2, 163, 953
List the prime factors of 2207373.
3, 7, 257, 409
What are the prime factors of 2047019?
13, 53, 2971
List the prime factors of 965045.
5, 193009
List the prime factors of 424086.
2, 3, 13, 5437
What are the prime factors of 9693111?
3, 17, 31, 6131
List the prime factors of 1263412.
2, 257, 1229
What are the prime factors of 79247?
7, 11321
What are the prime factors of 113648?
2, 7103
What are the prime factors of 22962415?
5, 7, 743, 883
List the prime factors of 830599.
7, 11, 23, 67
What are the prime factors of 111584?
2, 11, 317
What are the prime factors of 537945?
3, 5, 35863
What are the prime factors of 3307764?
2, 3, 373, 739
What are the prime factors of 252997?
431, 587
What are the prime factors of 11261379?
3, 3753793
What are the prime factors of 4585329?
3, 7, 8087
List the prime factors of 7186735.
5, 1437347
List the prime factors of 17880244.
2, 4470061
List the prime factors of 5878305.
3, 5, 43543
List the prime factors of 11763734.
2, 29, 202823
List the prime factors of 37753929.
3, 103, 139, 293
What are the prime factors of 1453086?
2, 3, 71, 379
List the prime factors of 1049488.
2, 11, 67, 89
What are the prime factors of 680269?
79, 109
List the prime factors of 17971453.
17971453
What are the prime factors of 25682841?
3, 983, 2903
What are the prime factors of 3232510?
2, 5, 323251
List the prime factors of 5893579.
421, 13999
What are the prime factors of 2421372?
2, 3, 201781
List the prime factors of 946658.
2, 127, 3727
What are the prime factors of 28511?
7, 4073
List the prime factors of 11381.
19, 599
What are the prime factors of 402399?
3, 44711
What are the prime factors of 213912?
2, 3, 2971
List the prime factors of 2108038.
2, 37, 61, 467
List the prime factors of 235798.
2, 117899
What are the prime factors of 1347402?
2, 3, 7, 4583
List the prime factors of 3747188.
2, 936797
What are the prime factors of 5578299?
3, 619811
What are the prime factors of 1029893?
43, 557
What are the prime factors of 435879?
3, 19, 2549
List the prime factors of 1239887.
11, 10247
List the prime factors of 972680.
2, 5, 24317
List the prime factors of 8631612.
2, 3, 11, 71, 307
List the prime factors of 315587.
401, 787
What are the prime factors of 4568018?
2, 7, 13, 19, 1321
List the prime factors of 1506345.
3, 5, 233, 431
What are the prime factors of 276577?
7, 39511
List the prime factors of 5202.
2, 3, 17
What are the prime factors of 227168?
2, 31, 229
List the prime factors of 14414791.
2887, 4993
What are the prime factors of 2467712?
2, 13, 1483
What are the prime factors of 17268890?
2, 5, 229, 7541
What are the prime factors of 12602141?
1091, 11551
List the prime factors of 9466779.
3, 7, 450799
What are the prime factors of 1056228?
2, 3, 88019
List the prime factors of 188055.
3, 5, 7, 199
List the prime factors of 1547784.
2, 3, 7, 37, 83
What are the prime factors of 780148?
2, 41, 67, 71
What are the prime factors of 7294971?
3, 2431657
List the prime factors of 22884718.
2, 421, 27179
What are the prime factors of 3116946?
2, 3, 7, 47, 1579
What are the prime factors of 3255772?
2, 13, 17, 29, 127
What are the prime factors of 7553885?
5, 1510777
List the prime factors of 1229954.
2, 11, 37, 1511
What are the prime factors of 564777?
3, 62753
What are the prime factors of 139499?
199, 701
List the prime factors of 187492.
2, 19, 2467
List the prime factors of 145874.
2, 72937
What are the prime factors of 331796?
2, 109, 761
List the prime factors of 2796227.
7, 53, 7537
What are the prime factors of 2475193?
7, 103, 3433
List the prime factors of 13948.
2, 11, 317
What are the prime factors of 284395?
5, 23, 2473
What are the prime factors of 634274?
2, 103, 3079
What are the prime factors of 562573?
11, 199, 257
List the prime factors of 2410233.
3, 7, 114773
What are the prime factors of 31776400?
2, 5, 17, 4673
List the prime factors of 450784.
2, 14087
What are the prime factors of 563375?
5, 4507
What are the prime factors of 10323298?
2, 233, 22153
What are the prime factors of 331199?
11, 30109
List the prime factors of 3893615.
5, 11, 70793
List the prime factors of 501518.
2, 31, 8089
What are the prime factors of 5609949?
3, 17, 317, 347
List the prime factors of 14933253.
3, 4977751
What are the prime factors of 1502226?
2, 3, 11, 281
What are the prime factors of 1814564?
2, 453641
List the prime factors of 2614739.
2614739
What are the prime factors of 2815146?
2, 3, 29, 5393
What are the prime factors of 2511640?
2, 5, 62791
List the prime factors of 651251.
651251
List the prime factors of 10372728.
2, 3, 37, 11681
What are the prime factors of 2786674?
2, 11, 17, 7451
List the prime factors of 4041070.
2, 5, 11, 17, 2161
List the prime factors of 573974.
2, 286987
List the prime factors of 10068892.
2, 101, 24923
What are the prime factors of 545750?
2, 5, 37, 59
What are the prime factors of 1595711?
13, 131, 937
What are the prime factors of 1402776?
2, 3, 19483
What are the prime factors of 2975265?
3, 5, 22039
List the prime factors of 374932.
2, 67, 1399
What are the prime factors of 5397186?
2, 3, 899531
List the prime factors of 4388977.
37, 118621
What are the prime factors of 2727511?
59, 46229
What are the prime factors of 96246?
2, 3, 5347
What are the prime factors of 55218?
2, 3, 9203
What are the prime factors of 6981527?
7, 523, 1907
List the prime factors of 2878265.
5, 13, 44281
What are the prime factors of 1292511?
3, 11, 53, 739
List the prime factors of 12682967.
11, 1152997
What are the prime factors of 10908468?
2, 3, 303013
List the prime factors of 3081477.
3, 7, 19, 7723
List the prime factors of 133744.
2, 13, 643
List the prime factors of 7577120.
2, 5, 23, 29, 71
List the prime factors of 971375.
5, 19, 409
What are the prime factors of 1571840?
2, 5, 307
What are the prime factors of 523187?
7, 31, 2411
List the prime factors of 1065007.
19, 56053
What are the prime factors of 21208121?
11, 1928011
List the prime factors of 11335148.
2, 11, 73, 3529
List the prime factors of 178315.
5, 19, 1877
What are the prime factors of 36874337?
139, 311, 853
What are the prime factors of 111785?
5, 79, 283
List the prime factors of 34092930.
2, 3, 5, 631, 1801
What are the prime factors of 10224377?
1213, 8429
What are the prime factors of 10919966?
2, 5459983
List the prime factors of 62850.
2, 3, 5, 419
What are the prime factors of 7366763?
17, 317, 1367
List the prime factors of 3883833.
3, 439, 983
What are the prime factors of 669254?
2, 23, 14549
What are the prime factors of 57927